{"id":78,"date":"2024-03-13T12:12:09","date_gmt":"2024-03-13T11:12:09","guid":{"rendered":"http:\/\/acupuncture-online.fr\/?page_id=78"},"modified":"2024-03-13T12:12:09","modified_gmt":"2024-03-13T11:12:09","slug":"liens","status":"publish","type":"page","link":"http:\/\/acupuncture-online.fr\/index.php\/liens\/","title":{"rendered":"Liens"},"content":{"rendered":"<p>Vous souhaitez int\u00e9grer une v\u00e9ritable formation de qualit\u00e9:<\/p>\n<p><a href=\"https:\/\/asmc.education\">https:\/\/asmc.education<\/a><\/p>\n<p><a href=\"https:\/\/formation-en-acupuncture.com\">https:\/\/formation-en-acupuncture.com<\/a><\/p>\n<p><a href=\"https:\/\/sionneau.com\">https:\/\/sionneau.com<\/a><\/p>\n<p>&nbsp;<\/p>\n","protected":false},"excerpt":{"rendered":"<p>Vous souhaitez int\u00e9grer une v\u00e9ritable formation de qualit\u00e9: https:\/\/asmc.education https:\/\/formation-en-acupuncture.com https:\/\/sionneau.com &nbsp;<\/p>\n","protected":false},"author":1,"featured_media":0,"parent":0,"menu_order":0,"comment_status":"closed","ping_status":"closed","template":"","meta":{"footnotes":""},"class_list":["post-78","page","type-page","status-publish","hentry"],"_links":{"self":[{"href":"http:\/\/acupuncture-online.fr\/index.php\/wp-json\/wp\/v2\/pages\/78","targetHints":{"allow":["GET"]}}],"collection":[{"href":"http:\/\/acupuncture-online.fr\/index.php\/wp-json\/wp\/v2\/pages"}],"about":[{"href":"http:\/\/acupuncture-online.fr\/index.php\/wp-json\/wp\/v2\/types\/page"}],"author":[{"embeddable":true,"href":"http:\/\/acupuncture-online.fr\/index.php\/wp-json\/wp\/v2\/users\/1"}],"replies":[{"embeddable":true,"href":"http:\/\/acupuncture-online.fr\/index.php\/wp-json\/wp\/v2\/comments?post=78"}],"version-history":[{"count":1,"href":"http:\/\/acupuncture-online.fr\/index.php\/wp-json\/wp\/v2\/pages\/78\/revisions"}],"predecessor-version":[{"id":79,"href":"http:\/\/acupuncture-online.fr\/index.php\/wp-json\/wp\/v2\/pages\/78\/revisions\/79"}],"wp:attachment":[{"href":"http:\/\/acupuncture-online.fr\/index.php\/wp-json\/wp\/v2\/media?parent=78"}],"curies":[{"name":"wp","href":"https:\/\/api.w.org\/{rel}","templated":true}]}}